{"version":"1.0","provider_name":"Aribau","provider_url":"https:\/\/www.aribau.es\/ca","title":"ESTE FIN DE SEMANA, \u00a1NOS VAMOS DE FERIA! - Aribau","type":"rich","width":600,"height":338,"html":"<blockquote class=\"wp-embedded-content\" data-secret=\"Vx4zApaBmZ\"><a href=\"https:\/\/www.aribau.es\/ca\/este-fin-de-semana-nos-vamos-de-feria\/\">AQUEST CAP DE SETMANA, ANEM DE FIRA!<\/a><\/blockquote><iframe sandbox=\"allow-scripts\" security=\"restricted\" src=\"https:\/\/www.aribau.es\/ca\/este-fin-de-semana-nos-vamos-de-feria\/embed\/#?secret=Vx4zApaBmZ\" width=\"600\" height=\"338\" title=\"&#8220;ESTE FIN DE SEMANA, \u00a1NOS VAMOS DE FERIA!&#8221; &#8212; Aribau\" data-secret=\"Vx4zApaBmZ\" frameborder=\"0\" marginwidth=\"0\" marginheight=\"0\" scrolling=\"no\" class=\"wp-embedded-content\"><\/iframe><script>\n\/*! This file is auto-generated *\/\n!function(d,l){\"use strict\";l.querySelector&&d.addEventListener&&\"undefined\"!=typeof URL&&(d.wp=d.wp||{},d.wp.receiveEmbedMessage||(d.wp.receiveEmbedMessage=function(e){var t=e.data;if((t||t.secret||t.message||t.value)&&!\/[^a-zA-Z0-9]\/.test(t.secret)){for(var s,r,n,a=l.querySelectorAll('iframe[data-secret=\"'+t.secret+'\"]'),o=l.querySelectorAll('blockquote[data-secret=\"'+t.secret+'\"]'),c=new RegExp(\"^https?:$\",\"i\"),i=0;i<o.length;i++)o[i].style.display=\"none\";for(i=0;i<a.length;i++)s=a[i],e.source===s.contentWindow&&(s.removeAttribute(\"style\"),\"height\"===t.message?(1e3<(r=parseInt(t.value,10))?r=1e3:~~r<200&&(r=200),s.height=r):\"link\"===t.message&&(r=new URL(s.getAttribute(\"src\")),n=new URL(t.value),c.test(n.protocol))&&n.host===r.host&&l.activeElement===s&&(d.top.location.href=t.value))}},d.addEventListener(\"message\",d.wp.receiveEmbedMessage,!1),l.addEventListener(\"DOMContentLoaded\",function(){for(var e,t,s=l.querySelectorAll(\"iframe.wp-embedded-content\"),r=0;r<s.length;r++)(t=(e=s[r]).getAttribute(\"data-secret\"))||(t=Math.random().toString(36).substring(2,12),e.src+=\"#?secret=\"+t,e.setAttribute(\"data-secret\",t)),e.contentWindow.postMessage({message:\"ready\",secret:t},\"*\")},!1)))}(window,document);\n\/\/# sourceURL=https:\/\/www.aribau.es\/wp-includes\/js\/wp-embed.min.js\n<\/script>","thumbnail_url":"https:\/\/www.aribau.es\/wp-content\/uploads\/2017\/07\/cartell_mostra_vins_aribau_02.jpg","thumbnail_width":809,"thumbnail_height":572,"description":"En los meses de verano proliferan las ferias, las muestras gastron\u00f3micas y, como no, tambi\u00e9n las muestras y ferias de vinos. Y en Aribau, nos gusta participar en ellas siempre que podemos. Este fin de semana, concretamente el s\u00e1bado d\u00eda 29, tendr\u00e1 lugar en Sant Pol de Mar la Muestra de Vinos Catalanes, una feria ... Llegiu m\u00e9s"}

En los meses de verano proliferan las ferias, las muestras gastronómicas y, como no, también las muestras y ferias de vinos. Y en Aribau, nos gusta participar en ellas siempre que podemos. Este fin de semana, concretamente el sábado día 29, tendrá lugar en Sant Pol de Mar la Muestra de Vinos Catalanes, una feria ... Llegiu més
